[INFO] cloning repository https://github.com/rodya-mirov/cadmium-ostrich
[INFO] running `Command { std: "git" "-c" "credential.helper=" "-c" "credential.helper=/workspace/cargo-home/bin/git-credential-null" "clone" "--bare" "https://github.com/rodya-mirov/cadmium-ostrich" "/workspace/cache/git-repos/https%3A%2F%2Fgithub.com%2Frodya-mirov%2Fcadmium-ostrich", kill_on_drop: false }`
[INFO] [stderr] Cloning into bare repository '/workspace/cache/git-repos/https%3A%2F%2Fgithub.com%2Frodya-mirov%2Fcadmium-ostrich'...
[INFO] running `Command { std: "git" "rev-parse" "HEAD", kill_on_drop: false }`
[INFO] [stdout] aaf2b9883c7e55a2f4e8cccc7e4a649e3697b6b8
[INFO] checking rodya-mirov/cadmium-ostrich against try#72f88fc4e9458f89516a0b8b0868f3718aec5b47 for pr-74989
[INFO] running `Command { std: "git" "clone" "/workspace/cache/git-repos/https%3A%2F%2Fgithub.com%2Frodya-mirov%2Fcadmium-ostrich" "/workspace/builds/worker-4/source", kill_on_drop: false }`
[INFO] [stderr] Cloning into '/workspace/builds/worker-4/source'...
[INFO] [stderr] done.
[INFO] validating manifest of git repo https://github.com/rodya-mirov/cadmium-ostrich on toolchain 72f88fc4e9458f89516a0b8b0868f3718aec5b47
[INFO] running `Command { std: "/workspace/cargo-home/bin/cargo" "+72f88fc4e9458f89516a0b8b0868f3718aec5b47" "read-manifest" "--manifest-path" "Cargo.toml", kill_on_drop: false }`
[INFO] started tweaking git repo https://github.com/rodya-mirov/cadmium-ostrich
[INFO] finished tweaking git repo https://github.com/rodya-mirov/cadmium-ostrich
[INFO] tweaked toml for git repo https://github.com/rodya-mirov/cadmium-ostrich written to /workspace/builds/worker-4/source/Cargo.toml
[INFO] crate git repo https://github.com/rodya-mirov/cadmium-ostrich already has a lockfile, it will not be regenerated
[INFO] running `Command { std: "/workspace/cargo-home/bin/cargo" "+72f88fc4e9458f89516a0b8b0868f3718aec5b47" "fetch" "--locked" "--manifest-path" "Cargo.toml", kill_on_drop: false }`
[INFO] [stderr]     Blocking waiting for file lock on package cache
[INFO] [stderr]  Downloading crates ...
[INFO] [stderr]   Downloaded enum-map v0.4.1
[INFO] [stderr]   Downloaded ncurses v5.98.0
[INFO] [stderr]   Downloaded xi-unicode v0.1.0
[INFO] [stderr]   Downloaded enum-map-derive v0.4.0
[INFO] [stderr]   Downloaded reexport-proc-macro v1.0.5
[INFO] [stderr]   Downloaded cursive v0.10.0
[INFO] [stderr]   Downloaded array-macro v1.0.2
[INFO] [stderr]   Downloaded enumset_derive v0.2.0
[INFO] [stderr]   Downloaded enumset v0.3.14
[INFO] [stderr]   Downloaded arc-swap v0.3.7
[INFO] [stderr]   Downloaded signal-hook v0.1.7
[INFO] running `Command { std: "docker" "create" "-v" "/var/lib/crater-agent-workspace/builds/worker-4/target:/opt/rustwide/target:rw,Z" "-v" "/var/lib/crater-agent-workspace/builds/worker-4/source:/opt/rustwide/workdir:ro,Z" "-v" "/var/lib/crater-agent-workspace/cargo-home:/opt/rustwide/cargo-home:ro,Z" "-v" "/var/lib/crater-agent-workspace/rustup-home:/opt/rustwide/rustup-home:ro,Z" "-e" "SOURCE_DIR=/opt/rustwide/workdir" "-e" "CARGO_TARGET_DIR=/opt/rustwide/target" "-e" "CARGO_HOME=/opt/rustwide/cargo-home" "-e" "RUSTUP_HOME=/opt/rustwide/rustup-home" "-w" "/opt/rustwide/workdir" "-m" "1610612736" "--user" "0:0" "--network" "none" "rustops/crates-build-env@sha256:d92eaeed33fa75130ca1ee6c8a01d1ffb62bac859dfdfb3450e3e5d1c0146529" "/opt/rustwide/cargo-home/bin/cargo" "+72f88fc4e9458f89516a0b8b0868f3718aec5b47" "metadata" "--no-deps" "--format-version=1", kill_on_drop: false }`
[INFO] [stdout] 12a3f746122356d69ba4a0626e3575bb37b6a36d018eab3002a2e3d1c31e01f2
[INFO] [stderr] WARNING: Your kernel does not support swap limit capabilities or the cgroup is not mounted. Memory limited without swap.
[INFO] running `Command { std: "docker" "start" "-a" "12a3f746122356d69ba4a0626e3575bb37b6a36d018eab3002a2e3d1c31e01f2", kill_on_drop: false }`
[INFO] running `Command { std: "docker" "inspect" "12a3f746122356d69ba4a0626e3575bb37b6a36d018eab3002a2e3d1c31e01f2", kill_on_drop: false }`
[INFO] running `Command { std: "docker" "rm" "-f" "12a3f746122356d69ba4a0626e3575bb37b6a36d018eab3002a2e3d1c31e01f2", kill_on_drop: false }`
[INFO] [stdout] 12a3f746122356d69ba4a0626e3575bb37b6a36d018eab3002a2e3d1c31e01f2
[INFO] running `Command { std: "docker" "create" "-v" "/var/lib/crater-agent-workspace/builds/worker-4/target:/opt/rustwide/target:rw,Z" "-v" "/var/lib/crater-agent-workspace/builds/worker-4/source:/opt/rustwide/workdir:ro,Z" "-v" "/var/lib/crater-agent-workspace/cargo-home:/opt/rustwide/cargo-home:ro,Z" "-v" "/var/lib/crater-agent-workspace/rustup-home:/opt/rustwide/rustup-home:ro,Z" "-e" "SOURCE_DIR=/opt/rustwide/workdir" "-e" "CARGO_TARGET_DIR=/opt/rustwide/target" "-e" "CARGO_INCREMENTAL=0" "-e" "RUST_BACKTRACE=full" "-e" "RUSTFLAGS=--cap-lints=forbid" "-e" "CARGO_HOME=/opt/rustwide/cargo-home" "-e" "RUSTUP_HOME=/opt/rustwide/rustup-home" "-w" "/opt/rustwide/workdir" "-m" "1610612736" "--user" "0:0" "--network" "none" "rustops/crates-build-env@sha256:d92eaeed33fa75130ca1ee6c8a01d1ffb62bac859dfdfb3450e3e5d1c0146529" "/opt/rustwide/cargo-home/bin/cargo" "+72f88fc4e9458f89516a0b8b0868f3718aec5b47" "check" "--frozen" "--all" "--all-targets" "--message-format=json", kill_on_drop: false }`
[INFO] [stdout] 08fb81f66cda00ff9d1194a9f7c2bdd5b6b62b1cef3307b85ddae6aa7d2fdcb3
[INFO] [stderr] WARNING: Your kernel does not support swap limit capabilities or the cgroup is not mounted. Memory limited without swap.
[INFO] running `Command { std: "docker" "start" "-a" "08fb81f66cda00ff9d1194a9f7c2bdd5b6b62b1cef3307b85ddae6aa7d2fdcb3", kill_on_drop: false }`
[INFO] [stderr]    Compiling libc v0.2.45
[INFO] [stderr]    Compiling proc-macro2 v0.4.24
[INFO] [stderr]     Checking rand_core v0.3.0
[INFO] [stderr]     Checking void v1.0.2
[INFO] [stderr]     Checking cfg-if v0.1.6
[INFO] [stderr]    Compiling num-iter v0.1.37
[INFO] [stderr]    Compiling num-complex v0.2.1
[INFO] [stderr]     Checking nodrop v0.1.13
[INFO] [stderr]    Compiling serde v1.0.83
[INFO] [stderr]     Checking lazy_static v1.2.0
[INFO] [stderr]     Checking memoffset v0.2.1
[INFO] [stderr]     Checking reexport-proc-macro v1.0.5
[INFO] [stderr]     Checking unicode-width v0.1.5
[INFO] [stderr]     Checking unicode-segmentation v1.2.1
[INFO] [stderr]     Checking maplit v1.0.1
[INFO] [stderr]    Compiling ncurses v5.98.0
[INFO] [stderr]    Compiling rand_pcg v0.1.1
[INFO] [stderr]    Compiling rand_chacha v0.1.0
[INFO] [stderr]    Compiling rand v0.6.1
[INFO] [stderr]     Checking crossbeam-utils v0.6.3
[INFO] [stderr]     Checking log v0.4.6
[INFO] [stderr]     Checking num-rational v0.2.1
[INFO] [stderr]     Checking unreachable v1.0.0
[INFO] [stderr]     Checking arrayvec v0.4.10
[INFO] [stderr]     Checking rand_isaac v0.1.1
[INFO] [stderr]     Checking rand_xorshift v0.1.0
[INFO] [stderr]     Checking rand_hc v0.1.0
[INFO] [stderr]     Checking smallvec v0.6.7
[INFO] [stderr]     Checking crossbeam-epoch v0.7.0
[INFO] [stderr]    Compiling quote v0.6.10
[INFO] [stderr]     Checking num v0.2.0
[INFO] [stderr]     Checking term_size v0.3.1
[INFO] [stderr]     Checking signal-hook v0.1.7
[INFO] [stderr]    Compiling syn v0.15.23
[INFO] [stderr]    Compiling syn v0.14.9
[INFO] [stderr]     Checking parking_lot_core v0.4.0
[INFO] [stderr]     Checking parking_lot v0.7.0
[INFO] [stderr]     Checking crossbeam-channel v0.3.4
[INFO] [stderr]    Compiling enumset_derive v0.2.0
[INFO] [stderr]    Compiling enum-map-derive v0.4.0
[INFO] [stderr]     Checking toml v0.4.10
[INFO] [stderr]     Checking enum-map v0.4.1
[INFO] [stderr]     Checking enumset v0.3.14
[INFO] [stderr]     Checking cursive v0.10.0
[INFO] [stderr]     Checking cursive_ui v0.1.0 (/opt/rustwide/workdir)
[INFO] [stdout] error[E0658]: use of unstable library feature 'clamp'
[INFO] [stdout]   --> src/controller/mod.rs:77:44
[INFO] [stdout]    |
[INFO] [stdout] 77 |         out.x = (out.x as i32 + out.x_vel).clamp(0, GAME_COLS as i32 - 1) as usize;
[INFO] [stdout]    |                                            ^^^^^
[INFO] [stdout]    |
[INFO] [stdout]    = note: see issue #44095 <https://github.com/rust-lang/rust/issues/44095> for more information
[INFO] [stdout]    = help: add `#![feature(clamp)]` to the crate attributes to enable
[INFO] [stdout] 
[INFO] [stdout] 
[INFO] [stdout] error[E0658]: use of unstable library feature 'clamp'
[INFO] [stdout]   --> src/controller/mod.rs:78:44
[INFO] [stdout]    |
[INFO] [stdout] 78 |         out.y = (out.y as i32 + out.y_vel).clamp(0, GAME_ROWS as i32 - 1) as usize;
[INFO] [stdout]    |                                            ^^^^^
[INFO] [stdout]    |
[INFO] [stdout]    = note: see issue #44095 <https://github.com/rust-lang/rust/issues/44095> for more information
[INFO] [stdout]    = help: add `#![feature(clamp)]` to the crate attributes to enable
[INFO] [stdout] 
[INFO] [stdout] 
[INFO] [stdout] error[E0658]: use of unstable library feature 'clamp'
[INFO] [stdout]    --> src/controller/mod.rs:102:27
[INFO] [stdout]     |
[INFO] [stdout] 102 |     let adj_x = (vx + dx).clamp(0, (GAME_COLS - VIEW_COLS) as i32 - 1) as usize;
[INFO] [stdout]     |                           ^^^^^
[INFO] [stdout]     |
[INFO] [stdout]     = note: see issue #44095 <https://github.com/rust-lang/rust/issues/44095> for more information
[INFO] [stdout]     = help: add `#![feature(clamp)]` to the crate attributes to enable
[INFO] [stdout] 
[INFO] [stdout] 
[INFO] [stdout] error[E0658]: use of unstable library feature 'clamp'
[INFO] [stdout]    --> src/controller/mod.rs:103:27
[INFO] [stdout]     |
[INFO] [stdout] 103 |     let adj_y = (vy + dy).clamp(0, (GAME_ROWS - VIEW_ROWS) as i32 - 1) as usize;
[INFO] [stdout]     |                           ^^^^^
[INFO] [stdout]     |
[INFO] [stdout]     = note: see issue #44095 <https://github.com/rust-lang/rust/issues/44095> for more information
[INFO] [stdout]     = help: add `#![feature(clamp)]` to the crate attributes to enable
[INFO] [stdout] 
[INFO] [stdout] 
[INFO] [stdout] warning: unused import: `crate::utils::numerics::Clamp`
[INFO] [stdout]  --> src/controller/mod.rs:9:5
[INFO] [stdout]   |
[INFO] [stdout] 9 | use crate::utils::numerics::Clamp;
[INFO] [stdout]   |     ^^^^^^^^^^^^^^^^^^^^^^^^^^^^^
[INFO] [stdout]   |
[INFO] [stdout]   = note: `#[warn(unused_imports)]` on by default
[INFO] [stdout] 
[INFO] [stdout] 
[INFO] [stdout] error: aborting due to 4 previous errors; 1 warning emitted
[INFO] [stdout] 
[INFO] [stdout] 
[INFO] [stdout] For more information about this error, try `rustc --explain E0658`.
[INFO] [stdout] 
[INFO] [stderr] error: could not compile `cursive_ui`.
[INFO] [stderr] 
[INFO] [stderr] To learn more, run the command again with --verbose.
[INFO] [stderr] warning: build failed, waiting for other jobs to finish...
[INFO] [stdout] error[E0658]: use of unstable library feature 'clamp'
[INFO] [stdout]   --> src/controller/mod.rs:77:44
[INFO] [stdout]    |
[INFO] [stdout] 77 |         out.x = (out.x as i32 + out.x_vel).clamp(0, GAME_COLS as i32 - 1) as usize;
[INFO] [stdout]    |                                            ^^^^^
[INFO] [stdout]    |
[INFO] [stdout]    = note: see issue #44095 <https://github.com/rust-lang/rust/issues/44095> for more information
[INFO] [stdout]    = help: add `#![feature(clamp)]` to the crate attributes to enable
[INFO] [stdout] 
[INFO] [stdout] 
[INFO] [stdout] error[E0658]: use of unstable library feature 'clamp'
[INFO] [stdout]   --> src/controller/mod.rs:78:44
[INFO] [stdout]    |
[INFO] [stdout] 78 |         out.y = (out.y as i32 + out.y_vel).clamp(0, GAME_ROWS as i32 - 1) as usize;
[INFO] [stdout]    |                                            ^^^^^
[INFO] [stdout]    |
[INFO] [stdout]    = note: see issue #44095 <https://github.com/rust-lang/rust/issues/44095> for more information
[INFO] [stdout]    = help: add `#![feature(clamp)]` to the crate attributes to enable
[INFO] [stdout] 
[INFO] [stdout] 
[INFO] [stdout] error[E0658]: use of unstable library feature 'clamp'
[INFO] [stdout]    --> src/controller/mod.rs:102:27
[INFO] [stdout]     |
[INFO] [stdout] 102 |     let adj_x = (vx + dx).clamp(0, (GAME_COLS - VIEW_COLS) as i32 - 1) as usize;
[INFO] [stdout]     |                           ^^^^^
[INFO] [stdout]     |
[INFO] [stdout]     = note: see issue #44095 <https://github.com/rust-lang/rust/issues/44095> for more information
[INFO] [stdout]     = help: add `#![feature(clamp)]` to the crate attributes to enable
[INFO] [stdout] 
[INFO] [stdout] 
[INFO] [stdout] error[E0658]: use of unstable library feature 'clamp'
[INFO] [stdout]    --> src/controller/mod.rs:103:27
[INFO] [stdout]     |
[INFO] [stdout] 103 |     let adj_y = (vy + dy).clamp(0, (GAME_ROWS - VIEW_ROWS) as i32 - 1) as usize;
[INFO] [stdout]     |                           ^^^^^
[INFO] [stdout]     |
[INFO] [stdout]     = note: see issue #44095 <https://github.com/rust-lang/rust/issues/44095> for more information
[INFO] [stdout]     = help: add `#![feature(clamp)]` to the crate attributes to enable
[INFO] [stdout] 
[INFO] [stdout] 
[INFO] [stdout] warning: unused import: `crate::utils::numerics::Clamp`
[INFO] [stdout]  --> src/controller/mod.rs:9:5
[INFO] [stdout]   |
[INFO] [stdout] 9 | use crate::utils::numerics::Clamp;
[INFO] [stdout]   |     ^^^^^^^^^^^^^^^^^^^^^^^^^^^^^
[INFO] [stdout]   |
[INFO] [stdout]   = note: `#[warn(unused_imports)]` on by default
[INFO] [stdout] 
[INFO] [stdout] 
[INFO] [stdout] error: aborting due to 4 previous errors; 1 warning emitted
[INFO] [stdout] 
[INFO] [stdout] 
[INFO] [stdout] For more information about this error, try `rustc --explain E0658`.
[INFO] [stdout] 
[INFO] [stderr] error: build failed
[INFO] running `Command { std: "docker" "inspect" "08fb81f66cda00ff9d1194a9f7c2bdd5b6b62b1cef3307b85ddae6aa7d2fdcb3", kill_on_drop: false }`
[INFO] running `Command { std: "docker" "rm" "-f" "08fb81f66cda00ff9d1194a9f7c2bdd5b6b62b1cef3307b85ddae6aa7d2fdcb3", kill_on_drop: false }`
[INFO] [stdout] 08fb81f66cda00ff9d1194a9f7c2bdd5b6b62b1cef3307b85ddae6aa7d2fdcb3
